e i(-10). Suppose -2*g - 29 + 9 = -4*m, -5*m = 3*g - l. Suppose -9*q + 3*q + 918 = g. What is the units digit of q?
3
What is the hundreds digit of (11 + -5 + -3)*128336/12?
0
Let y = -62 - 9. Let n be y + (-1 - -2) + -4. Let b = n - -177. What is the units digit of b?
3
Suppose 5*q - k = 17545, -30*q = -31*q - 3*k + 3525. What is the thousands digit of q?
3
Suppose -4*x + 119 + 1 = 0. Suppose -8*o + 2*o = -x. Suppose 0 = -2*u - 2*p + 72, 3*u - o*p - 162 = -u. What is the tens digit of u?
3
Suppose j - 1732 = -3*j - 4*c, -431 = -j + c. Let w = j + -167. Let p = w + -159. What is the hundreds digit of p?
1
Let p = -8 - -14. Suppose -3*l + 36 = 5*s + 19, 2*l = s - 6. What is the tens digit of (p*l)/((-45)/240)?
3
Suppose -25*m = -20*m - 1190. Suppose m - 31 = l. What is the units digit of l?
7
Suppose -116*o = -5*b - 120*o + 16021, 16 = 4*o. What is the hundreds digit of b?
2
Let z(o) = 4*o + 28. Let n be z(-6). Suppose 11*i - 18 = n. What is the tens digit of 246/(i + (-3 - -3))?
2
Let i be 13/((-26)/8) - -8. Suppose i*o - 1421 = n + 12, -2*o + 5*n + 721 = 0. What is the tens digit of o?
5
Suppose 2 = -4*k - 14. Let i be (2106/k)/(12/(-24)). Suppose 0 = -12*q + 3*q + i. What is the hundreds digit of q?
1
Let t be (2488/12)/((-125)/18 - -7). Let z = t - 2064. What is the units digit of z?
8
Let d = -17 - -29. Suppose 0 = 9*n - d*n + 480. What is the tens digit of n?
6
What is the tens digit of (-348)/261 - (4/(-12))/((-2)/(-169178))?
9
Suppose 2*d - 27 = -5*k, -d + 2 = -4*d + k. Let l be ((-144)/(-40))/(d/25). Suppose -g - 4*g - 5*r + l = 0, r = g - 26. What is the tens digit of g?
2
Suppose 19843 = 2*a + m - 5951, 0 = -2*a + 3*m + 25770. What is the hundreds digit of a?
8
Let k(i) = -25*i**3 - 4*i**2 + 4*i - 9. Let x be k(3). Let m = 1672 + x. Suppose 3*b = 7*b - m. What is the tens digit of b?
4
Let v(n) = 3*n**2 - 8*n - 78. Suppose 77 = -14*z + 21*z. What is the hundreds digit of v(z)?
1
Suppose -g + 199 = -407. Let y = -346 + g. What is the tens digit of y?
6
Suppose 30*l = 32*l - 5*w - 31842, 3*w = -l + 15888. What is the ten thousands digit of l?
1
Suppose 110*g - 28*g = 1001794. What is the tens digit of g?
1
Suppose -5*d - 2*c + 15 + 45 = 0, -5*d = 4*c - 50. Suppose -4830 = -57*i + 36*i. Suppose 0 = d*k - 9*k - i. What is the tens digit of k?
4
Let l = 87 + -185. Let t be (228/3 + 1)*2. Let z = l + t. What is the units digit of z?
6
Suppose 12*t + 14 = 5*t. Let j(b) = -3*b**3 + b**2 + 4*b + 3. Let o be j(t). Suppose -o*n - 485 = -28*n. What is the tens digit of n?
9
Suppose -2096 - 760 = -7*i. Suppose 0 = 3*k - 3*t - 1629, -i = 4*k + 3*t - 2615. What is the hundreds digit of k?
5
Let f(v) be the third derivative of -v**5/12 + v**3/6 + 5*v**2. Let t be f(-1). Let j(b) = b**3 + 8*b**2 + 9*b - 3. What is the tens digit of j(t)?
2
What is the ten thousands digit of (5*1)/(815/7856274)?
4
Let n(b) = 9*b - 22. Let o be n(32). What is the tens digit of o/(-4)*160/(-40)?
6
Suppose 5896 = -34*z + 158862. What is the hundreds digit of z?
4
Suppose -19*h - 84 = -13*h. Let g(c) = 2*c**2 - 23*c - 99. What is the tens digit of g(h)?
1
Let b be ((-105)/20)/((-6)/(-16)). What is the hundreds digit of (3 - 650/b)*7?
3
Let g = 17478 - 8875. What is the hundreds digit of g?
6
What is the hundreds digit of (-5 - -131)/(-7)*4*(-1102)/12?
6
Suppose 84*r = -3*y + 89*r + 6707, -4*y + 8960 = 2*r. Let c = y + -1445. What is the units digit of c?
4
Let b(i) = 873*i - 129. Let v be b(4). Suppose -44*r = -41*r - v. What is the units digit of r?
1
Let c = -149 - -144. What is the hundreds digit of (1 - 6) + (359 - c)?
3
Suppose -274*w + 7597977 = 2686253. What is the thousands digit of w?
7
Let r(u) = -274*u + 148. Let t be r(-14). Suppose t = -2*a + 8*a. What is the tens digit of a?
6
Let x = 7358 + -1753. What is the units digit of x?
5
Let z(k) = -14*k + 14. Let d(i) = -i**3 + 6*i**2 - 3*i - 7. Let c be d(5). Let r be z(c). Let s = r - -37. What is the units digit of s?
9
What is the hundreds digit of (-2)/(-3)*(-2 + -4) - -6981?
9
Let a = -379 - -406. What is the units digit of 18/a*10524/8?
7
Suppose -10*k - 5*p - 4134 = -12*k, 20 = 5*p. What is the tens digit of k?
7
Let a = 70 - 151. What is the tens digit of (-2)/(-3) - 0 - 3024/a?
3
Let y(n) = 15*n + 346. What is the hundreds digit of y(-2)?
3
Suppose 82*c - 617195 + 229780 = 735657. What is the units digit of c?
6
What is the tens digit of -6 + -1 - (-16 - (-7656)/(-29))?
7
What is the hundreds digit of ((-273)/14 + (-3)/(-2))*(-716)/6?
1
Let z(b) = 1 + 7 + 0*b + b. Let a be z(-8). Suppose 0 = -a*j + j - 4. What is the units digit of j?
4
What is the tens digit of 6496/406 + 2681*8?
6
Suppose 0 = 14*x - 202 + 1042. Let t = x - -256. What is the units digit of t?
6
Suppose j + 4*t = -190, 4*j - 4*t + 6*t = -718. Let b = 298 + j. What is the units digit of b?
0
Let s(p) = 2*p**2 + 27*p + 39. Let i be s(-20). Suppose -2*w - 814 = -5*x - i, -2*x - 2*w = -220. What is the hundreds digit of x?
1
Suppose -8*g = -1856 + 2256. Suppose 2*z - 112 = 18. Let k = g + z. What is the units digit of k?
5
Suppose -4987539 = -66*r + 2457. What is the units digit of r?
6
Let c = 206362 + -141354. What is the units digit of c?
8
Suppose 0 = -v - 1, -7*m - 2*v = -9*m + 16. Suppose -2*i = d - 484, -4*d + 3*i - m*i = -1932. What is the hundreds digit of d?
4
Suppose -5*w - x + 82 = -68, 0 = 5*x. Suppose -6*b - w = 102. Let a = 66 + b. What is the tens digit of a?
4
Let u(b) = 53*b**2 - 3*b + 38. Let l = -226 - -232. What is the hundreds digit of u(l)?
9
Let p(o) = -o**2 + 6*o + 4. Let g be p(6). Suppose -2*j = -3 - 1, 0 = -r + j - g. What is the units digit of (-12)/18*3/r?
1
Let y(o) = 7*o + 3. Let c be y(5). Suppose 166 = 8*k + c. What is the units digit of k?
6
Let r(b) = 6*b + 7*b**2 + 2 - 9*b - 13*b. What is the hundreds digit of r(7)?
2
Suppose 0 = -10*y + 66360 + 20458 + 24192. What is the ten thousands digit of y?
1
Suppose 5*t - 8 = t, -5*t = 3*f - 2908. Suppose -5*x = -96 + f. What is the units digit of (x/8)/((-33)/176)?
6
Suppose 15 = -4*a + 8*a + 5*t, 29 = 5*a - 4*t. Suppose 3*p = -a*j + 1014 + 346, -4*j + 5*p = -1125. What is the units digit of j?
5
Let x(p) = -9*p + 3. Suppose 0 = -5*v + 2 + 13. Suppose -v*w = -5*l + 22, -5*w = l - 5 + 23. What is the units digit of x(w)?
9
Let i(r) = -75*r + 17. Suppose -37*p - 314 = -92. What is the hundreds digit of i(p)?
4
Let o = 33 + -31. Let d = o - -3. Suppose d*t - 142 - 42 = -4*s, 2*s - 90 = -3*t. What is the tens digit of s?
5
Let t(x) be the second derivative of 19*x**4/3 + x**3/6 + x**2/2 - 19*x. Let n(f) = -f**3 + 13*f**2 - f + 12. Let m be n(13). What is the tens digit of t(m)?
7
Let f(d) = 4*d + 212. Let o be f(-39). What is the tens digit of 3/(-21) + 74600/o + 7?
3
Let f(c) = c**3 - 22*c**2 - 17*c - 36. Let y be f(23). Let n = y + 10. What is the units digit of n?
2
Let x(s) = 6*s**2 + 14*s + 884. What is the thousands digit of x(28)?
5
Suppose -4*g - 28819 = -5*s - 6608, -3*g = 4*s - 17806. What is the hundreds digit of s?
4
Suppose 2*y = 5*i + 1, -3*y - 2*i = -y - 22. Let a(b) = 2*b - 5. Let c(t) = -t + 2. Let z(s) = -2*a(s) - 5*c(s). What is the units digit of z(y)?
8
Let a(x) = -47*x - 608. What is the thousands digit of a(-47)?
1
Let k(r) = -2*r**2 + 4*r + 31. Let x be k(-7). Let v be (x/38)/(2/(-4)). Suppose -8*m = -6*m + 2*b - 234, -2*b + 597 = v*m. What is the tens digit of m?
2
Let q(k) = -k**3 + 13*k**2 - 11*k - 2. Let p be q(12). Suppose -18*a + p*a = -2144. What is the hundreds digit of a?
2
Let k(c) = -19031*c + 1129. What is the ten thousands digit of k(-2)?
3
Suppose 54*k - 60*k + 1194 = 0. Let w = 1048 - k. What is the hundreds digit of w?
8
Let b be 1*(3 - 6 - -2). What is the hundreds digit of (5/25*1)/(b/(-1835))?
3
Let t = -3861 - -1405. Let x be (-1)/6 + t/192*-4. Suppose -l - 5*k = -0*k - x, 0 = -l - 4*k + 46. What is the units digit of l?
6
Let u(m) = -9*m**2 + 5*m + 9. Let q be u(9). What is the units digit of ((-18)/3 + q)/(3 - 4)?
1
Let a(w) = 3*w**2. Let s = 10 + -9. Let l be -1 + s - (-10 - -7). What is the units digit of a(l)?
7
Let y(z) = -14*z**3 - 6*z**2 - 86*z - 957. What is the units digit of y(-11)?
7
Let n(f) = 8*f**2 + 4*f. Suppose 31 = 3*y - 4*o, 8*y - 3*o - 27 = 5*y. What is the hundreds digit of n(y)?
2
Suppose 18939 = 3